{"id":3145,"date":"2026-08-07T00:08:35","date_gmt":"2026-08-07T00:08:35","guid":{"rendered":"https:\/\/heklan.is\/vidburdir\/nordic-life-science-days-2026\/"},"modified":"2026-08-07T00:08:35","modified_gmt":"2026-08-07T00:08:35","slug":"nordic-life-science-days-2026","status":"publish","type":"events","link":"https:\/\/heklan.is\/en\/vidburdir\/nordic-life-science-days-2026\/","title":{"rendered":"Nordic Life Science Days 2026"},"content":{"rendered":"<p>NLS Days is one of the largest networking events for life science companies in the Nordic countries, providing an opportunity to connect with investors and potential partners in various fields.<\/p>\n<p>KLAK ver\u00f0a \u00e1 sta\u00f0num og geta bo\u00f0i\u00f0 \u00feeirra tengslaneti upp \u00e1 25% afsl\u00e1ttark\u00f3\u00f0a sem m\u00e1 n\u00e1lgast me\u00f0 \u00fev\u00ed a\u00f0 senda \u00feeim t\u00f6lvup\u00f3st \u00e1 hello@klak.is<\/p>","protected":false},"excerpt":{"rendered":"<p>NLS Days er einn st\u00e6rsti tengslavi\u00f0bur\u00f0ur fyrir fyrirt\u00e6ki \u00ed l\u00edfv\u00edsindum \u00e1 Nor\u00f0url\u00f6ndum \u00fear sem t\u00e6kif\u00e6ri gefst \u00e1 a\u00f0 tengjast fj\u00e1rfestum og m\u00f6gulegum samstarfsa\u00f0ilum \u00e1 \u00fdmsum svi\u00f0um. KLAK ver\u00f0a \u00e1 sta\u00f0num og geta bo\u00f0i\u00f0 \u00feeirra tengslaneti upp \u00e1 25% afsl\u00e1ttark\u00f3\u00f0a sem m\u00e1 n\u00e1lgast me\u00f0 \u00fev\u00ed a\u00f0 senda \u00feeim t\u00f6lvup\u00f3st \u00e1 hello@klak.is<\/p>","protected":false},"featured_media":3146,"template":"","event_category":[29],"class_list":["post-3145","events","type-events","status-publish","has-post-thumbnail","hentry","event_category-vidburdir"],"blocksy_meta":{"styles_descriptor":{"styles":{"desktop":"","tablet":"","mobile":""},"google_fonts":[],"version":7}},"acf":[],"yoast_head":"<!-- This site is optimized with the Yoast SEO plugin v28.2 - https:\/\/yoast.com\/product\/yoast-seo-wordpress\/ -->\n<title>Nordic Life Science Days 2026 - Heklan atvinnu\u00fer\u00f3un<\/title>\n<meta name=\"robots\" content=\"index, follow, max-snippet:-1, max-image-preview:large, max-video-preview:-1\" \/>\n<link rel=\"canonical\" href=\"https:\/\/heklan.is\/en\/vidburdir\/nordic-life-science-days-2026\/\" \/>\n<meta property=\"og:locale\" content=\"en_US\" \/>\n<meta property=\"og:type\" content=\"article\" \/>\n<meta property=\"og:title\" content=\"Nordic Life Science Days 2026 - Heklan atvinnu\u00fer\u00f3un\" \/>\n<meta property=\"og:description\" content=\"NLS Days er einn st\u00e6rsti tengslavi\u00f0bur\u00f0ur fyrir fyrirt\u00e6ki \u00ed l\u00edfv\u00edsindum \u00e1 Nor\u00f0url\u00f6ndum \u00fear sem t\u00e6kif\u00e6ri gefst \u00e1 a\u00f0 tengjast fj\u00e1rfestum og m\u00f6gulegum samstarfsa\u00f0ilum \u00e1 \u00fdmsum svi\u00f0um. KLAK ver\u00f0a \u00e1 sta\u00f0num og geta bo\u00f0i\u00f0 \u00feeirra tengslaneti upp \u00e1 25% afsl\u00e1ttark\u00f3\u00f0a sem m\u00e1 n\u00e1lgast me\u00f0 \u00fev\u00ed a\u00f0 senda \u00feeim t\u00f6lvup\u00f3st \u00e1 hello@klak.is\" \/>\n<meta property=\"og:url\" content=\"https:\/\/heklan.is\/en\/vidburdir\/nordic-life-science-days-2026\/\" \/>\n<meta property=\"og:site_name\" content=\"Heklan atvinnu\u00fer\u00f3un\" \/>\n<meta property=\"article:publisher\" content=\"https:\/\/www.facebook.com\/sudurnes\" \/>\n<meta property=\"og:image\" content=\"https:\/\/heklan.is\/wp-content\/uploads\/2025\/09\/heklan-social-image-1024x683.png\" \/>\n\t<meta property=\"og:image:width\" content=\"1024\" \/>\n\t<meta property=\"og:image:height\" content=\"683\" \/>\n\t<meta property=\"og:image:type\" content=\"image\/png\" \/>\n<meta name=\"twitter:card\" content=\"summary_large_image\" \/>\n<script type=\"application\/ld+json\" class=\"yoast-schema-graph\">{\"@context\":\"https:\\\/\\\/schema.org\",\"@graph\":[{\"@type\":\"WebPage\",\"@id\":\"https:\\\/\\\/heklan.is\\\/vidburdir\\\/nordic-life-science-days-2026\\\/\",\"url\":\"https:\\\/\\\/heklan.is\\\/vidburdir\\\/nordic-life-science-days-2026\\\/\",\"name\":\"Nordic Life Science Days 2026 - Heklan atvinnu\u00fer\u00f3un\",\"isPartOf\":{\"@id\":\"https:\\\/\\\/heklan.is\\\/#website\"},\"primaryImageOfPage\":{\"@id\":\"https:\\\/\\\/heklan.is\\\/vidburdir\\\/nordic-life-science-days-2026\\\/#primaryimage\"},\"image\":{\"@id\":\"https:\\\/\\\/heklan.is\\\/vidburdir\\\/nordic-life-science-days-2026\\\/#primaryimage\"},\"thumbnailUrl\":\"https:\\\/\\\/heklan.is\\\/wp-content\\\/uploads\\\/2026\\\/08\\\/vidburdircoversEn7i0LP_NLSD24-Design-2_1200x627px-1.webp\",\"datePublished\":\"2026-08-07T00:08:35+00:00\",\"breadcrumb\":{\"@id\":\"https:\\\/\\\/heklan.is\\\/vidburdir\\\/nordic-life-science-days-2026\\\/#breadcrumb\"},\"inLanguage\":\"en-US\",\"potentialAction\":[{\"@type\":\"ReadAction\",\"target\":[\"https:\\\/\\\/heklan.is\\\/vidburdir\\\/nordic-life-science-days-2026\\\/\"]}]},{\"@type\":\"ImageObject\",\"inLanguage\":\"en-US\",\"@id\":\"https:\\\/\\\/heklan.is\\\/vidburdir\\\/nordic-life-science-days-2026\\\/#primaryimage\",\"url\":\"https:\\\/\\\/heklan.is\\\/wp-content\\\/uploads\\\/2026\\\/08\\\/vidburdircoversEn7i0LP_NLSD24-Design-2_1200x627px-1.webp\",\"contentUrl\":\"https:\\\/\\\/heklan.is\\\/wp-content\\\/uploads\\\/2026\\\/08\\\/vidburdircoversEn7i0LP_NLSD24-Design-2_1200x627px-1.webp\",\"width\":1200,\"height\":627},{\"@type\":\"BreadcrumbList\",\"@id\":\"https:\\\/\\\/heklan.is\\\/vidburdir\\\/nordic-life-science-days-2026\\\/#breadcrumb\",\"itemListElement\":[{\"@type\":\"ListItem\",\"position\":1,\"name\":\"Home\",\"item\":\"https:\\\/\\\/heklan.is\\\/\"},{\"@type\":\"ListItem\",\"position\":2,\"name\":\"Vi\u00f0bur\u00f0ir\",\"item\":\"https:\\\/\\\/heklan.is\\\/vidburdir\\\/\"},{\"@type\":\"ListItem\",\"position\":3,\"name\":\"Nordic Life Science Days 2026\"}]},{\"@type\":\"WebSite\",\"@id\":\"https:\\\/\\\/heklan.is\\\/#website\",\"url\":\"https:\\\/\\\/heklan.is\\\/\",\"name\":\"Heklan atvinnu\u00fer\u00f3un\",\"description\":\"\",\"publisher\":{\"@id\":\"https:\\\/\\\/heklan.is\\\/#organization\"},\"alternateName\":\"Heklan\",\"potentialAction\":[{\"@type\":\"SearchAction\",\"target\":{\"@type\":\"EntryPoint\",\"urlTemplate\":\"https:\\\/\\\/heklan.is\\\/?s={search_term_string}\"},\"query-input\":{\"@type\":\"PropertyValueSpecification\",\"valueRequired\":true,\"valueName\":\"search_term_string\"}}],\"inLanguage\":\"en-US\"},{\"@type\":\"Organization\",\"@id\":\"https:\\\/\\\/heklan.is\\\/#organization\",\"name\":\"Heklan atvinnu\u00fer\u00f3un\",\"alternateName\":\"Heklan\",\"url\":\"https:\\\/\\\/heklan.is\\\/\",\"logo\":{\"@type\":\"ImageObject\",\"inLanguage\":\"en-US\",\"@id\":\"https:\\\/\\\/heklan.is\\\/#\\\/schema\\\/logo\\\/image\\\/\",\"url\":\"https:\\\/\\\/heklan.is\\\/wp-content\\\/uploads\\\/2025\\\/09\\\/heklan-logo-dark.png\",\"contentUrl\":\"https:\\\/\\\/heklan.is\\\/wp-content\\\/uploads\\\/2025\\\/09\\\/heklan-logo-dark.png\",\"width\":700,\"height\":143,\"caption\":\"Heklan atvinnu\u00fer\u00f3un\"},\"image\":{\"@id\":\"https:\\\/\\\/heklan.is\\\/#\\\/schema\\\/logo\\\/image\\\/\"},\"sameAs\":[\"https:\\\/\\\/www.facebook.com\\\/sudurnes\"]}]}<\/script>\n<!-- \/ Yoast SEO plugin. -->","yoast_head_json":{"title":"Nordic Life Science Days 2026 - Heklan atvinnu\u00fer\u00f3un","robots":{"index":"index","follow":"follow","max-snippet":"max-snippet:-1","max-image-preview":"max-image-preview:large","max-video-preview":"max-video-preview:-1"},"canonical":"https:\/\/heklan.is\/en\/vidburdir\/nordic-life-science-days-2026\/","og_locale":"en_US","og_type":"article","og_title":"Nordic Life Science Days 2026 - Heklan atvinnu\u00fer\u00f3un","og_description":"NLS Days er einn st\u00e6rsti tengslavi\u00f0bur\u00f0ur fyrir fyrirt\u00e6ki \u00ed l\u00edfv\u00edsindum \u00e1 Nor\u00f0url\u00f6ndum \u00fear sem t\u00e6kif\u00e6ri gefst \u00e1 a\u00f0 tengjast fj\u00e1rfestum og m\u00f6gulegum samstarfsa\u00f0ilum \u00e1 \u00fdmsum svi\u00f0um. KLAK ver\u00f0a \u00e1 sta\u00f0num og geta bo\u00f0i\u00f0 \u00feeirra tengslaneti upp \u00e1 25% afsl\u00e1ttark\u00f3\u00f0a sem m\u00e1 n\u00e1lgast me\u00f0 \u00fev\u00ed a\u00f0 senda \u00feeim t\u00f6lvup\u00f3st \u00e1 hello@klak.is","og_url":"https:\/\/heklan.is\/en\/vidburdir\/nordic-life-science-days-2026\/","og_site_name":"Heklan atvinnu\u00fer\u00f3un","article_publisher":"https:\/\/www.facebook.com\/sudurnes","og_image":[{"width":1024,"height":683,"url":"https:\/\/heklan.is\/wp-content\/uploads\/2025\/09\/heklan-social-image-1024x683.png","type":"image\/png"}],"twitter_card":"summary_large_image","schema":{"@context":"https:\/\/schema.org","@graph":[{"@type":"WebPage","@id":"https:\/\/heklan.is\/vidburdir\/nordic-life-science-days-2026\/","url":"https:\/\/heklan.is\/vidburdir\/nordic-life-science-days-2026\/","name":"Nordic Life Science Days 2026 - Heklan atvinnu\u00fer\u00f3un","isPartOf":{"@id":"https:\/\/heklan.is\/#website"},"primaryImageOfPage":{"@id":"https:\/\/heklan.is\/vidburdir\/nordic-life-science-days-2026\/#primaryimage"},"image":{"@id":"https:\/\/heklan.is\/vidburdir\/nordic-life-science-days-2026\/#primaryimage"},"thumbnailUrl":"https:\/\/heklan.is\/wp-content\/uploads\/2026\/08\/vidburdircoversEn7i0LP_NLSD24-Design-2_1200x627px-1.webp","datePublished":"2026-08-07T00:08:35+00:00","breadcrumb":{"@id":"https:\/\/heklan.is\/vidburdir\/nordic-life-science-days-2026\/#breadcrumb"},"inLanguage":"en-US","potentialAction":[{"@type":"ReadAction","target":["https:\/\/heklan.is\/vidburdir\/nordic-life-science-days-2026\/"]}]},{"@type":"ImageObject","inLanguage":"en-US","@id":"https:\/\/heklan.is\/vidburdir\/nordic-life-science-days-2026\/#primaryimage","url":"https:\/\/heklan.is\/wp-content\/uploads\/2026\/08\/vidburdircoversEn7i0LP_NLSD24-Design-2_1200x627px-1.webp","contentUrl":"https:\/\/heklan.is\/wp-content\/uploads\/2026\/08\/vidburdircoversEn7i0LP_NLSD24-Design-2_1200x627px-1.webp","width":1200,"height":627},{"@type":"BreadcrumbList","@id":"https:\/\/heklan.is\/vidburdir\/nordic-life-science-days-2026\/#breadcrumb","itemListElement":[{"@type":"ListItem","position":1,"name":"Home","item":"https:\/\/heklan.is\/"},{"@type":"ListItem","position":2,"name":"Vi\u00f0bur\u00f0ir","item":"https:\/\/heklan.is\/vidburdir\/"},{"@type":"ListItem","position":3,"name":"Nordic Life Science Days 2026"}]},{"@type":"WebSite","@id":"https:\/\/heklan.is\/#website","url":"https:\/\/heklan.is\/","name":"The Hekla Career Development","description":"","publisher":{"@id":"https:\/\/heklan.is\/#organization"},"alternateName":"Heklan","potentialAction":[{"@type":"SearchAction","target":{"@type":"EntryPoint","urlTemplate":"https:\/\/heklan.is\/?s={search_term_string}"},"query-input":{"@type":"PropertyValueSpecification","valueRequired":true,"valueName":"search_term_string"}}],"inLanguage":"en-US"},{"@type":"Organization","@id":"https:\/\/heklan.is\/#organization","name":"The Hekla Career Development","alternateName":"Heklan","url":"https:\/\/heklan.is\/","logo":{"@type":"ImageObject","inLanguage":"en-US","@id":"https:\/\/heklan.is\/#\/schema\/logo\/image\/","url":"https:\/\/heklan.is\/wp-content\/uploads\/2025\/09\/heklan-logo-dark.png","contentUrl":"https:\/\/heklan.is\/wp-content\/uploads\/2025\/09\/heklan-logo-dark.png","width":700,"height":143,"caption":"Heklan atvinnu\u00fer\u00f3un"},"image":{"@id":"https:\/\/heklan.is\/#\/schema\/logo\/image\/"},"sameAs":["https:\/\/www.facebook.com\/sudurnes"]}]}},"_links":{"self":[{"href":"https:\/\/heklan.is\/en\/wp-json\/wp\/v2\/events\/3145","targetHints":{"allow":["GET"]}}],"collection":[{"href":"https:\/\/heklan.is\/en\/wp-json\/wp\/v2\/events"}],"about":[{"href":"https:\/\/heklan.is\/en\/wp-json\/wp\/v2\/types\/events"}],"version-history":[{"count":0,"href":"https:\/\/heklan.is\/en\/wp-json\/wp\/v2\/events\/3145\/revisions"}],"wp:featuredmedia":[{"embeddable":true,"href":"https:\/\/heklan.is\/en\/wp-json\/wp\/v2\/media\/3146"}],"wp:attachment":[{"href":"https:\/\/heklan.is\/en\/wp-json\/wp\/v2\/media?parent=3145"}],"wp:term":[{"taxonomy":"event_category","embeddable":true,"href":"https:\/\/heklan.is\/en\/wp-json\/wp\/v2\/event_category?post=3145"}],"curies":[{"name":"WordPress","href":"https:\/\/api.w.org\/{rel}","templated":true}]}}

<p>NLS Days is one of the largest networking events for life science companies in the Nordic countries, providing an opportunity to connect with investors and potential partners in various fields.</p>
<p>KLAK verða á staðnum og geta boðið þeirra tengslaneti upp á 25% afsláttarkóða sem má nálgast með því að senda þeim tölvupóst á hello@klak.is</p>

<p>NLS Days er einn stærsti tengslaviðburður fyrir fyrirtæki í lífvísindum á Norðurlöndum þar sem tækifæri gefst á að tengjast fjárfestum og mögulegum samstarfsaðilum á ýmsum sviðum. KLAK verða á staðnum og geta boðið þeirra tengslaneti upp á 25% afsláttarkóða sem má nálgast með því að senda þeim tölvupóst á hello@klak.is</p>

<!-- This site is optimized with the Yoast SEO plugin v28.2 - https://yoast.com/product/yoast-seo-wordpress/ -->
<title>Nordic Life Science Days 2026 - Heklan atvinnuþróun</title>
<meta name="robots" content="index, follow, max-snippet:-1, max-image-preview:large, max-video-preview:-1" />
<link rel="canonical" href="https://heklan.is/en/vidburdir/nordic-life-science-days-2026/" />
<meta property="og:locale" content="en_US" />
<meta property="og:type" content="article" />
<meta property="og:title" content="Nordic Life Science Days 2026 - Heklan atvinnuþróun" />
<meta property="og:description" content="NLS Days er einn stærsti tengslaviðburður fyrir fyrirtæki í lífvísindum á Norðurlöndum þar sem tækifæri gefst á að tengjast fjárfestum og mögulegum samstarfsaðilum á ýmsum sviðum. KLAK verða á staðnum og geta boðið þeirra tengslaneti upp á 25% afsláttarkóða sem má nálgast með því að senda þeim tölvupóst á hello@klak.is" />
<meta property="og:url" content="https://heklan.is/en/vidburdir/nordic-life-science-days-2026/" />
<meta property="og:site_name" content="Heklan atvinnuþróun" />
<meta property="article:publisher" content="https://www.facebook.com/sudurnes" />
<meta property="og:image" content="https://heklan.is/wp-content/uploads/2025/09/heklan-social-image-1024x683.png" />
	<meta property="og:image:width" content="1024" />
	<meta property="og:image:height" content="683" />
	<meta property="og:image:type" content="image/png" />
<meta name="twitter:card" content="summary_large_image" />
<script type="application/ld+json" class="yoast-schema-graph">{"@context":"https:\/\/schema.org","@graph":[{"@type":"WebPage","@id":"https:\/\/heklan.is\/vidburdir\/nordic-life-science-days-2026\/","url":"https:\/\/heklan.is\/vidburdir\/nordic-life-science-days-2026\/","name":"Nordic Life Science Days 2026 - Heklan atvinnuþróun","isPartOf":{"@id":"https:\/\/heklan.is\/#website"},"primaryImageOfPage":{"@id":"https:\/\/heklan.is\/vidburdir\/nordic-life-science-days-2026\/#primaryimage"},"image":{"@id":"https:\/\/heklan.is\/vidburdir\/nordic-life-science-days-2026\/#primaryimage"},"thumbnailUrl":"https:\/\/heklan.is\/wp-content\/uploads\/2026\/08\/vidburdircoversEn7i0LP_NLSD24-Design-2_1200x627px-1.webp","datePublished":"2026-08-07T00:08:35+00:00","breadcrumb":{"@id":"https:\/\/heklan.is\/vidburdir\/nordic-life-science-days-2026\/#breadcrumb"},"inLanguage":"en-US","potentialAction":[{"@type":"ReadAction","target":["https:\/\/heklan.is\/vidburdir\/nordic-life-science-days-2026\/"]}]},{"@type":"ImageObject","inLanguage":"en-US","@id":"https:\/\/heklan.is\/vidburdir\/nordic-life-science-days-2026\/#primaryimage","url":"https:\/\/heklan.is\/wp-content\/uploads\/2026\/08\/vidburdircoversEn7i0LP_NLSD24-Design-2_1200x627px-1.webp","contentUrl":"https:\/\/heklan.is\/wp-content\/uploads\/2026\/08\/vidburdircoversEn7i0LP_NLSD24-Design-2_1200x627px-1.webp","width":1200,"height":627},{"@type":"BreadcrumbList","@id":"https:\/\/heklan.is\/vidburdir\/nordic-life-science-days-2026\/#breadcrumb","itemListElement":[{"@type":"ListItem","position":1,"name":"Home","item":"https:\/\/heklan.is\/"},{"@type":"ListItem","position":2,"name":"Viðburðir","item":"https:\/\/heklan.is\/vidburdir\/"},{"@type":"ListItem","position":3,"name":"Nordic Life Science Days 2026"}]},{"@type":"WebSite","@id":"https:\/\/heklan.is\/#website","url":"https:\/\/heklan.is\/","name":"Heklan atvinnuþróun","description":"","publisher":{"@id":"https:\/\/heklan.is\/#organization"},"alternateName":"Heklan","potentialAction":[{"@type":"SearchAction","target":{"@type":"EntryPoint","urlTemplate":"https:\/\/heklan.is\/?s={search_term_string}"},"query-input":{"@type":"PropertyValueSpecification","valueRequired":true,"valueName":"search_term_string"}}],"inLanguage":"en-US"},{"@type":"Organization","@id":"https:\/\/heklan.is\/#organization","name":"Heklan atvinnuþróun","alternateName":"Heklan","url":"https:\/\/heklan.is\/","logo":{"@type":"ImageObject","inLanguage":"en-US","@id":"https:\/\/heklan.is\/#\/schema\/logo\/image\/","url":"https:\/\/heklan.is\/wp-content\/uploads\/2025\/09\/heklan-logo-dark.png","contentUrl":"https:\/\/heklan.is\/wp-content\/uploads\/2025\/09\/heklan-logo-dark.png","width":700,"height":143,"caption":"Heklan atvinnuþróun"},"image":{"@id":"https:\/\/heklan.is\/#\/schema\/logo\/image\/"},"sameAs":["https:\/\/www.facebook.com\/sudurnes"]}]}</script>
<!-- / Yoast SEO plugin. -->

Nordic Life Science Days 2026 - Heklan atvinnuþróun

NLS Days er einn stærsti tengslaviðburður fyrir fyrirtæki í lífvísindum á Norðurlöndum þar sem tækifæri gefst á að tengjast fjárfestum og mögulegum samstarfsaðilum á ýmsum sviðum. KLAK verða á staðnum og geta boðið þeirra tengslaneti upp á 25% afsláttarkóða sem má nálgast með því að senda þeim tölvupóst á hello@klak.is

Heklan atvinnuþróun

Viðburðir
